{"id":1057,"date":"2024-05-25T12:58:03","date_gmt":"2024-05-25T10:58:03","guid":{"rendered":"https:\/\/www.carpfisher.eu\/shop\/?post_type=product&#038;p=1057"},"modified":"2025-10-20T11:34:08","modified_gmt":"2025-10-20T09:34:08","slug":"cf-boilie-squiver-20-mm-einheit-1-kg","status":"publish","type":"product","link":"https:\/\/www.carpfisher.eu\/shop\/produkt\/cf-boilie-squiver-20-mm-einheit-1-kg\/","title":{"rendered":"CF Boilie: Squiver | Einheit: 1 kg"},"content":{"rendered":"<p>Wie der Name schon sagt, der Squiver Boilie besteht aus zwei sehr wichtigen Komponenten. Squid und Liver (Tintenfisch und Leber). Beides wird bei uns in hoch dosierten Extrakten verarbeitet \u2013 diese, extrem feinen Mehle haben eine riesige Oberfl\u00e4che und sorgen f\u00fcr die maximal m\u00f6gliche Attraktivit\u00e4t. Um dem Squiver Boilie den notwendigen Boost zu geben, damit er Instant so gut l\u00e4uft, ist das Leber Liquid ebenfalls sehr hoch dosiert. Mehr geht technisch nicht in einen Boilie, um ihn noch rollen zu k\u00f6nnen. Die feine, w\u00fcrzige Note, entsteht durch eine Zutat, die wir hier nicht verraten k\u00f6nnen \u2013 verleiht dem Boilie aber einen gewissen Wiedererkennungswert.<\/p>\n<p><strong>Hinweis zum boosten:<\/strong>\u00a0Diesen Boilie m\u00fcsst ihr etwas l\u00e4nger soaken, wenn ihr seine Attraktivit\u00e4t noch weiter steigern wollt, da bereits sehr viel Leber Liquid verarbeitet ist. Etwa 36 Stunden mit 0,25 Liter Liquid sind notwendig, damit es vollst\u00e4ndig einwirkt. Mehr Liquid ist aus unserer Sicht nicht notwendig.<\/p>\n<hr \/>\n<p>Zusammensetzung:<\/p>\n<p>Proteingehalt in Trockenmasse: 40,6 %<\/p>\n<ul>\n<li>Vorverdautes Fischmehl<\/li>\n<li>Heringmehl<\/li>\n<li>Squid Extract (Tintenfisch)<\/li>\n<li>Liver Extract (Leber)<\/li>\n<li>weitere Mehle (die wir nicht verraten)<\/li>\n<li>weitere verdauungsf\u00f6rdernde Zutaten (die wir nicht verraten)<\/li>\n<li>Chilli Powder<\/li>\n<li>N-Buytric Acid (Butters\u00e4ure)<\/li>\n<li>CF \u2013 Liquid<\/li>\n<li>H\u00fchnerleber Liquid<\/li>\n<li>Ei Albumin<\/li>\n<li>Maismehl (frisch gemahlen)<\/li>\n<li>Weizenmehl (frisch gemahlen)<\/li>\n<li>Soja Mehl<\/li>\n<\/ul>\n<hr \/>\n<p>Herstellung: Ged\u00e4mpft, lebensmittelecht konserviert<\/p>\n<p>Haltbarkeit: 12 Monate<\/p>\n<p>Verpackt: 1 kg in wieder verschlie\u00dfbarem Beutel<\/p>\n<p>Richtige Lagerung: Dunkel und k\u00fchl<\/p>\n<hr \/>\n<p><strong>Tipp f\u00fcr die Anwendungsbereiche von Squiver Boilies:<\/strong>\u00a0kurze Ansitze, \u201ePralinen\u201c Taktik, Instant, Single Hook Bait, Gew\u00e4sser mit wenig Wei\u00dffischen\/Welsen (z.B. Paylakes)<\/p>\n<p>Wenn du nur einen Tag angeln gehst, ohne viel vor zuf\u00fcttern, dann Squiver! Dieser Boilie arbeitet sehr schnell und gibt rasch viele Fresssignale ans Wasser ab! Achtung, bei Gew\u00e4ssern mit einem starken Welsbestand! Wer Welse nicht fangen m\u00f6chte, bitte eher \u201eMuThu\u201c oder \u201eKrillax\u201c aufs Haar ziehen \u2013 Leber zieht bekanntlich Welse magisch an. Ich verwende \u201eSquiver\u201c oft als Praline auf einem \u201eKrillax\u201c Futterplatz oder wenn ich kleine Fallen stelle. Der \u201eSquiver\u201c ist unser am schnellsten arbeitende K\u00f6der, mit dem gr\u00f6\u00dften Instant Effekt.<\/p>\n<p>Wir haben auch Kunden, die an\u00a0<strong>Paylakes<\/strong>\u00a0auf den Squiver schw\u00f6ren! Meistens ist der Wei\u00dffischbestand so gering, dass man auch sehr attraktives Futter einbringen kann. Desto weniger Mitesser am Spot sind, desto mehr Liquid oder Extract zur weiteren Steigerung der Attraktivit\u00e4t kann man einsetzen.<\/p>\n<p>Hinweis: das bedeutet nicht, dass die anderen Sorten der CF Range (MuThu und Krillax) weniger hochwertig sind! Das bedeutet lediglich, dass der Squiver rasch arbeitet und schnell, sehr attraktive Fresssignale aussendet.<\/p>\n<p>Solltest du einen K\u00f6der suchen, um mehr zu selektieren (Wei\u00dffischen und Welse) oder wenn du einen Futterplatz langfristig unter Futter setzen m\u00f6chtest, dann empfehle ich dir\u00a0<a href=\"https:\/\/carpfisher.eu\/shop\/produkt-kategorie\/cf-boilie-range\/krillax-boilie\/\">\u201eKrillax\u201c<\/a>\u00a0oder\u00a0<a href=\"https:\/\/carpfisher.eu\/shop\/produkt-kategorie\/cf-boilie-range\/muthu\/\">\u201eMuThu\u201c<\/a>!<\/p>\n<hr \/>\n<p>Angelk\u00f6der f\u00fcr frei lebende Fische, nicht f\u00fcr den menschlichen Verzehr geeignet. Darf nicht an Wiederk\u00e4uer verf\u00fcttert werden!<\/p>\n","protected":false},"excerpt":{"rendered":"<p>Preis pro kg: 9,90 Euro<\/p>\n<p>Ein Beutel mit 1 kg Squiver Boilies.<\/p>\n","protected":false},"featured_media":1077,"template":"","meta":{"sfsi_plus_gutenberg_text_before_share":"","sfsi_plus_gutenberg_show_text_before_share":"","sfsi_plus_gutenberg_icon_type":"","sfsi_plus_gutenberg_icon_alignemt":"","sfsi_plus_gutenburg_max_per_row":""},"product_brand":[],"product_cat":[15],"product_tag":[],"class_list":{"0":"post-1057","1":"product","2":"type-product","3":"status-publish","4":"has-post-thumbnail","6":"product_cat-unkategorisiert","8":"first","9":"instock","10":"sale","11":"taxable","12":"shipping-taxable","13":"purchasable","14":"product-type-variable"},"yoast_head":"<!-- This site is optimized with the Yoast SEO plugin v27.2 - https:\/\/yoast.com\/product\/yoast-seo-wordpress\/ -->\n<title>CF Boilie: Squiver | Einheit: 1 kg - Carpfisher Shop<\/title>\n<meta name=\"robots\" content=\"index, follow, max-snippet:-1, max-image-preview:large, max-video-preview:-1\" \/>\n<link rel=\"canonical\" href=\"https:\/\/www.carpfisher.eu\/shop\/produkt\/cf-boilie-squiver-20-mm-einheit-1-kg\/\" \/>\n<meta property=\"og:locale\" content=\"de_DE\" \/>\n<meta property=\"og:type\" content=\"article\" \/>\n<meta property=\"og:title\" content=\"CF Boilie: Squiver | Einheit: 1 kg - Carpfisher Shop\" \/>\n<meta property=\"og:description\" content=\"Preis pro kg: 9,90 Euro  Ein Beutel mit 1 kg Squiver Boilies.\" \/>\n<meta property=\"og:url\" content=\"https:\/\/www.carpfisher.eu\/shop\/produkt\/cf-boilie-squiver-20-mm-einheit-1-kg\/\" \/>\n<meta property=\"og:site_name\" content=\"Carpfisher Shop\" \/>\n<meta property=\"article:publisher\" content=\"https:\/\/www.facebook.com\/people\/Carpfishereu\/100066936180661\/\" \/>\n<meta property=\"article:modified_time\" content=\"2025-10-20T09:34:08+00:00\" \/>\n<meta property=\"og:image\" content=\"https:\/\/www.carpfisher.eu\/shop\/wp-content\/uploads\/2024\/05\/Squiver-1-kg-Tueten.png\" \/>\n\t<meta property=\"og:image:width\" content=\"1080\" \/>\n\t<meta property=\"og:image:height\" content=\"1080\" \/>\n\t<meta property=\"og:image:type\" content=\"image\/png\" \/>\n<meta name=\"twitter:card\" content=\"summary_large_image\" \/>\n<meta name=\"twitter:label1\" content=\"Gesch\u00e4tzte Lesezeit\" \/>\n\t<meta name=\"twitter:data1\" content=\"3\u00a0Minuten\" \/>\n<script type=\"application\/ld+json\" class=\"yoast-schema-graph\">{\"@context\":\"https:\/\/schema.org\",\"@graph\":[{\"@type\":\"WebPage\",\"@id\":\"https:\/\/www.carpfisher.eu\/shop\/produkt\/cf-boilie-squiver-20-mm-einheit-1-kg\/\",\"url\":\"https:\/\/www.carpfisher.eu\/shop\/produkt\/cf-boilie-squiver-20-mm-einheit-1-kg\/\",\"name\":\"CF Boilie: Squiver | Einheit: 1 kg - Carpfisher Shop\",\"isPartOf\":{\"@id\":\"https:\/\/www.carpfisher.eu\/shop\/#website\"},\"primaryImageOfPage\":{\"@id\":\"https:\/\/www.carpfisher.eu\/shop\/produkt\/cf-boilie-squiver-20-mm-einheit-1-kg\/#primaryimage\"},\"image\":{\"@id\":\"https:\/\/www.carpfisher.eu\/shop\/produkt\/cf-boilie-squiver-20-mm-einheit-1-kg\/#primaryimage\"},\"thumbnailUrl\":\"https:\/\/www.carpfisher.eu\/shop\/wp-content\/uploads\/2024\/05\/Squiver-1-kg-Tueten.png\",\"datePublished\":\"2024-05-25T10:58:03+00:00\",\"dateModified\":\"2025-10-20T09:34:08+00:00\",\"breadcrumb\":{\"@id\":\"https:\/\/www.carpfisher.eu\/shop\/produkt\/cf-boilie-squiver-20-mm-einheit-1-kg\/#breadcrumb\"},\"inLanguage\":\"de\",\"potentialAction\":[{\"@type\":\"ReadAction\",\"target\":[\"https:\/\/www.carpfisher.eu\/shop\/produkt\/cf-boilie-squiver-20-mm-einheit-1-kg\/\"]}]},{\"@type\":\"ImageObject\",\"inLanguage\":\"de\",\"@id\":\"https:\/\/www.carpfisher.eu\/shop\/produkt\/cf-boilie-squiver-20-mm-einheit-1-kg\/#primaryimage\",\"url\":\"https:\/\/www.carpfisher.eu\/shop\/wp-content\/uploads\/2024\/05\/Squiver-1-kg-Tueten.png\",\"contentUrl\":\"https:\/\/www.carpfisher.eu\/shop\/wp-content\/uploads\/2024\/05\/Squiver-1-kg-Tueten.png\",\"width\":1080,\"height\":1080},{\"@type\":\"BreadcrumbList\",\"@id\":\"https:\/\/www.carpfisher.eu\/shop\/produkt\/cf-boilie-squiver-20-mm-einheit-1-kg\/#breadcrumb\",\"itemListElement\":[{\"@type\":\"ListItem\",\"position\":1,\"name\":\"Startseite\",\"item\":\"https:\/\/www.carpfisher.eu\/shop\/\"},{\"@type\":\"ListItem\",\"position\":2,\"name\":\"Shop\",\"item\":\"https:\/\/www.carpfisher.eu\/shop\/shop\/\"},{\"@type\":\"ListItem\",\"position\":3,\"name\":\"CF Boilie: Squiver | Einheit: 1 kg\"}]},{\"@type\":\"WebSite\",\"@id\":\"https:\/\/www.carpfisher.eu\/shop\/#website\",\"url\":\"https:\/\/www.carpfisher.eu\/shop\/\",\"name\":\"Carpfisher Shop\",\"description\":\"Shop f\u00fcr Karpfenangler, Boilies, Futter, Liquid, PopUps\",\"publisher\":{\"@id\":\"https:\/\/www.carpfisher.eu\/shop\/#organization\"},\"potentialAction\":[{\"@type\":\"SearchAction\",\"target\":{\"@type\":\"EntryPoint\",\"urlTemplate\":\"https:\/\/www.carpfisher.eu\/shop\/?s={search_term_string}\"},\"query-input\":{\"@type\":\"PropertyValueSpecification\",\"valueRequired\":true,\"valueName\":\"search_term_string\"}}],\"inLanguage\":\"de\"},{\"@type\":\"Organization\",\"@id\":\"https:\/\/www.carpfisher.eu\/shop\/#organization\",\"name\":\"Carpfisher Shop\",\"url\":\"https:\/\/www.carpfisher.eu\/shop\/\",\"logo\":{\"@type\":\"ImageObject\",\"inLanguage\":\"de\",\"@id\":\"https:\/\/www.carpfisher.eu\/shop\/#\/schema\/logo\/image\/\",\"url\":\"https:\/\/www.carpfisher.eu\/shop\/wp-content\/uploads\/2023\/04\/cropped-My-project-1-3.png\",\"contentUrl\":\"https:\/\/www.carpfisher.eu\/shop\/wp-content\/uploads\/2023\/04\/cropped-My-project-1-3.png\",\"width\":2154,\"height\":500,\"caption\":\"Carpfisher Shop\"},\"image\":{\"@id\":\"https:\/\/www.carpfisher.eu\/shop\/#\/schema\/logo\/image\/\"},\"sameAs\":[\"https:\/\/www.facebook.com\/people\/Carpfishereu\/100066936180661\/\"]}]}<\/script>\n<!-- \/ Yoast SEO plugin. -->","yoast_head_json":{"title":"CF Boilie: Squiver | Einheit: 1 kg - Carpfisher Shop","robots":{"index":"index","follow":"follow","max-snippet":"max-snippet:-1","max-image-preview":"max-image-preview:large","max-video-preview":"max-video-preview:-1"},"canonical":"https:\/\/www.carpfisher.eu\/shop\/produkt\/cf-boilie-squiver-20-mm-einheit-1-kg\/","og_locale":"de_DE","og_type":"article","og_title":"CF Boilie: Squiver | Einheit: 1 kg - Carpfisher Shop","og_description":"Preis pro kg: 9,90 Euro  Ein Beutel mit 1 kg Squiver Boilies.","og_url":"https:\/\/www.carpfisher.eu\/shop\/produkt\/cf-boilie-squiver-20-mm-einheit-1-kg\/","og_site_name":"Carpfisher Shop","article_publisher":"https:\/\/www.facebook.com\/people\/Carpfishereu\/100066936180661\/","article_modified_time":"2025-10-20T09:34:08+00:00","og_image":[{"width":1080,"height":1080,"url":"https:\/\/www.carpfisher.eu\/shop\/wp-content\/uploads\/2024\/05\/Squiver-1-kg-Tueten.png","type":"image\/png"}],"twitter_card":"summary_large_image","twitter_misc":{"Gesch\u00e4tzte Lesezeit":"3\u00a0Minuten"},"schema":{"@context":"https:\/\/schema.org","@graph":[{"@type":"WebPage","@id":"https:\/\/www.carpfisher.eu\/shop\/produkt\/cf-boilie-squiver-20-mm-einheit-1-kg\/","url":"https:\/\/www.carpfisher.eu\/shop\/produkt\/cf-boilie-squiver-20-mm-einheit-1-kg\/","name":"CF Boilie: Squiver | Einheit: 1 kg - Carpfisher Shop","isPartOf":{"@id":"https:\/\/www.carpfisher.eu\/shop\/#website"},"primaryImageOfPage":{"@id":"https:\/\/www.carpfisher.eu\/shop\/produkt\/cf-boilie-squiver-20-mm-einheit-1-kg\/#primaryimage"},"image":{"@id":"https:\/\/www.carpfisher.eu\/shop\/produkt\/cf-boilie-squiver-20-mm-einheit-1-kg\/#primaryimage"},"thumbnailUrl":"https:\/\/www.carpfisher.eu\/shop\/wp-content\/uploads\/2024\/05\/Squiver-1-kg-Tueten.png","datePublished":"2024-05-25T10:58:03+00:00","dateModified":"2025-10-20T09:34:08+00:00","breadcrumb":{"@id":"https:\/\/www.carpfisher.eu\/shop\/produkt\/cf-boilie-squiver-20-mm-einheit-1-kg\/#breadcrumb"},"inLanguage":"de","potentialAction":[{"@type":"ReadAction","target":["https:\/\/www.carpfisher.eu\/shop\/produkt\/cf-boilie-squiver-20-mm-einheit-1-kg\/"]}]},{"@type":"ImageObject","inLanguage":"de","@id":"https:\/\/www.carpfisher.eu\/shop\/produkt\/cf-boilie-squiver-20-mm-einheit-1-kg\/#primaryimage","url":"https:\/\/www.carpfisher.eu\/shop\/wp-content\/uploads\/2024\/05\/Squiver-1-kg-Tueten.png","contentUrl":"https:\/\/www.carpfisher.eu\/shop\/wp-content\/uploads\/2024\/05\/Squiver-1-kg-Tueten.png","width":1080,"height":1080},{"@type":"BreadcrumbList","@id":"https:\/\/www.carpfisher.eu\/shop\/produkt\/cf-boilie-squiver-20-mm-einheit-1-kg\/#breadcrumb","itemListElement":[{"@type":"ListItem","position":1,"name":"Startseite","item":"https:\/\/www.carpfisher.eu\/shop\/"},{"@type":"ListItem","position":2,"name":"Shop","item":"https:\/\/www.carpfisher.eu\/shop\/shop\/"},{"@type":"ListItem","position":3,"name":"CF Boilie: Squiver | Einheit: 1 kg"}]},{"@type":"WebSite","@id":"https:\/\/www.carpfisher.eu\/shop\/#website","url":"https:\/\/www.carpfisher.eu\/shop\/","name":"Carpfisher Shop","description":"Shop f\u00fcr Karpfenangler, Boilies, Futter, Liquid, PopUps","publisher":{"@id":"https:\/\/www.carpfisher.eu\/shop\/#organization"},"potentialAction":[{"@type":"SearchAction","target":{"@type":"EntryPoint","urlTemplate":"https:\/\/www.carpfisher.eu\/shop\/?s={search_term_string}"},"query-input":{"@type":"PropertyValueSpecification","valueRequired":true,"valueName":"search_term_string"}}],"inLanguage":"de"},{"@type":"Organization","@id":"https:\/\/www.carpfisher.eu\/shop\/#organization","name":"Carpfisher Shop","url":"https:\/\/www.carpfisher.eu\/shop\/","logo":{"@type":"ImageObject","inLanguage":"de","@id":"https:\/\/www.carpfisher.eu\/shop\/#\/schema\/logo\/image\/","url":"https:\/\/www.carpfisher.eu\/shop\/wp-content\/uploads\/2023\/04\/cropped-My-project-1-3.png","contentUrl":"https:\/\/www.carpfisher.eu\/shop\/wp-content\/uploads\/2023\/04\/cropped-My-project-1-3.png","width":2154,"height":500,"caption":"Carpfisher Shop"},"image":{"@id":"https:\/\/www.carpfisher.eu\/shop\/#\/schema\/logo\/image\/"},"sameAs":["https:\/\/www.facebook.com\/people\/Carpfishereu\/100066936180661\/"]}]}},"_links":{"self":[{"href":"https:\/\/www.carpfisher.eu\/shop\/wp-json\/wp\/v2\/product\/1057","targetHints":{"allow":["GET"]}}],"collection":[{"href":"https:\/\/www.carpfisher.eu\/shop\/wp-json\/wp\/v2\/product"}],"about":[{"href":"https:\/\/www.carpfisher.eu\/shop\/wp-json\/wp\/v2\/types\/product"}],"wp:featuredmedia":[{"embeddable":true,"href":"https:\/\/www.carpfisher.eu\/shop\/wp-json\/wp\/v2\/media\/1077"}],"wp:attachment":[{"href":"https:\/\/www.carpfisher.eu\/shop\/wp-json\/wp\/v2\/media?parent=1057"}],"wp:term":[{"taxonomy":"product_brand","embeddable":true,"href":"https:\/\/www.carpfisher.eu\/shop\/wp-json\/wp\/v2\/product_brand?post=1057"},{"taxonomy":"product_cat","embeddable":true,"href":"https:\/\/www.carpfisher.eu\/shop\/wp-json\/wp\/v2\/product_cat?post=1057"},{"taxonomy":"product_tag","embeddable":true,"href":"https:\/\/www.carpfisher.eu\/shop\/wp-json\/wp\/v2\/product_tag?post=1057"}],"curies":[{"name":"wp","href":"https:\/\/api.w.org\/{rel}","templated":true}]}}