{"id":1204,"date":"2024-09-29T19:01:59","date_gmt":"2024-09-29T17:01:59","guid":{"rendered":"https:\/\/www.carpfisher.eu\/shop\/?post_type=product&#038;p=1204"},"modified":"2025-10-29T09:22:16","modified_gmt":"2025-10-29T08:22:16","slug":"crayfish-mehl-krebs-mehl-25-kg-eimer","status":"publish","type":"product","link":"https:\/\/www.carpfisher.eu\/shop\/produkt\/crayfish-mehl-krebs-mehl-25-kg-eimer\/","title":{"rendered":"Krebsmehl | 2,5 kg"},"content":{"rendered":"<p><strong>Produktbeschreibung: Crayfish oder auf Deutsch Krebsmehl f\u00fcrs Karpfenangeln<\/strong><\/p>\n<p>Unser hochwertiges <strong>Krebs Mehl<\/strong> ist ein unschlagbares Naturprodukt f\u00fcr ambitionierte Karpfenangler. Gewonnen aus sorgf\u00e4ltig verarbeiteten S\u00fc\u00dfwasserkrebsen (Crayfish), bietet dieses Mehl eine nat\u00fcrliche Proteinquelle, die das Fressverhalten von Karpfen besonders stimuliert. Reich an Aminos\u00e4uren und wertvollen N\u00e4hrstoffen, verbessert Crayfish Mehl die Attraktivit\u00e4t und den N\u00e4hrwert von Boilies, Stickmixen und Grundfuttermischungen.<\/p>\n<p><strong>Vorteile auf einen Blick:<\/strong><\/p>\n<ul>\n<li>100% naturbelassenes Krebs Mehl<\/li>\n<li>Hoher Proteingehalt zur F\u00f6rderung des Fischwachstums<\/li>\n<li>Verleiht K\u00f6dern eine unwiderstehliche Attraktivit\u00e4t<\/li>\n<li>Ideal f\u00fcr Karpfen, Barben und andere Friedfische<\/li>\n<li>Vielf\u00e4ltig einsetzbar in Boilies, Method-Mixen und Futterzus\u00e4tzen<\/li>\n<\/ul>\n<p><strong>Anwendung:<\/strong><br \/>\nEinfach in deine bevorzugte Futtermischung einarbeiten oder als Zusatz in Boilies verwenden. Empfohlene Dosierung: 5-10% der Gesamtmischung.<\/p>\n<p>Mit unserem Crayfish Mehl hast du die perfekte Geheimwaffe, um die kapitalen Karpfen an den Haken zu locken. Egal ob bei kurzen Sessions oder langen Ansitzen \u2013 erh\u00f6he deine Fangchancen mit diesem Premium-Produkt!<\/p>\n<hr \/>\n<p>Analytische Bestandteile: Rohprotein: 30%, Rohfett: 2%, Rohfaser:\u00a0 13%, Rohasche: 35%, Natrium 0%<\/p>\n<hr \/>\n<p>Gewicht: 2,5 kg Crayfish Mehl<\/p>\n<hr \/>\n<p>Angelk\u00f6der f\u00fcr frei lebende Fische, nicht f\u00fcr den menschlichen Verzehr geeignet. Darf nicht an Wiederk\u00e4uer verf\u00fcttert werden!<\/p>\n","protected":false},"excerpt":{"rendered":"<p>Produktbeschreibung: Crayfish oder auf Deutsch Krebsmehl f\u00fcrs Karpfenangeln Unser hochwertiges Krebs Mehl ist ein unschlagbares Naturprodukt f\u00fcr ambitionierte Karpfenangler. Gewonnen aus sorgf\u00e4ltig verarbeiteten S\u00fc\u00dfwasserkrebsen (Crayfish), bietet dieses Mehl eine nat\u00fcrliche Proteinquelle, die das Fressverhalten von Karpfen besonders stimuliert. Reich an Aminos\u00e4uren und wertvollen N\u00e4hrstoffen, verbessert Crayfish Mehl die Attraktivit\u00e4t und den N\u00e4hrwert von Boilies, Stickmixen [&hellip;]<\/p>\n","protected":false},"featured_media":1205,"template":"","meta":{"sfsi_plus_gutenberg_text_before_share":"","sfsi_plus_gutenberg_show_text_before_share":"","sfsi_plus_gutenberg_icon_type":"","sfsi_plus_gutenberg_icon_alignemt":"","sfsi_plus_gutenburg_max_per_row":""},"product_brand":[],"product_cat":[44],"product_tag":[],"class_list":{"0":"post-1204","1":"product","2":"type-product","3":"status-publish","4":"has-post-thumbnail","6":"product_cat-mehle-extrakte","8":"first","9":"outofstock","10":"taxable","11":"shipping-taxable","12":"purchasable","13":"product-type-simple"},"yoast_head":"<!-- This site is optimized with the Yoast SEO plugin v27.2 - https:\/\/yoast.com\/product\/yoast-seo-wordpress\/ -->\n<title>Krebsmehl | 2,5 kg - Carpfisher Shop<\/title>\n<meta name=\"robots\" content=\"index, follow, max-snippet:-1, max-image-preview:large, max-video-preview:-1\" \/>\n<link rel=\"canonical\" href=\"https:\/\/www.carpfisher.eu\/shop\/produkt\/crayfish-mehl-krebs-mehl-25-kg-eimer\/\" \/>\n<meta property=\"og:locale\" content=\"de_DE\" \/>\n<meta property=\"og:type\" content=\"article\" \/>\n<meta property=\"og:title\" content=\"Krebsmehl | 2,5 kg - Carpfisher Shop\" \/>\n<meta property=\"og:description\" content=\"Produktbeschreibung: Crayfish oder auf Deutsch Krebsmehl f\u00fcrs Karpfenangeln Unser hochwertiges Krebs Mehl ist ein unschlagbares Naturprodukt f\u00fcr ambitionierte Karpfenangler. Gewonnen aus sorgf\u00e4ltig verarbeiteten S\u00fc\u00dfwasserkrebsen (Crayfish), bietet dieses Mehl eine nat\u00fcrliche Proteinquelle, die das Fressverhalten von Karpfen besonders stimuliert. Reich an Aminos\u00e4uren und wertvollen N\u00e4hrstoffen, verbessert Crayfish Mehl die Attraktivit\u00e4t und den N\u00e4hrwert von Boilies, Stickmixen [&hellip;]\" \/>\n<meta property=\"og:url\" content=\"https:\/\/www.carpfisher.eu\/shop\/produkt\/crayfish-mehl-krebs-mehl-25-kg-eimer\/\" \/>\n<meta property=\"og:site_name\" content=\"Carpfisher Shop\" \/>\n<meta property=\"article:publisher\" content=\"https:\/\/www.facebook.com\/people\/Carpfishereu\/100066936180661\/\" \/>\n<meta property=\"article:modified_time\" content=\"2025-10-29T08:22:16+00:00\" \/>\n<meta property=\"og:image\" content=\"https:\/\/www.carpfisher.eu\/shop\/wp-content\/uploads\/2024\/09\/crayfish-mehl.jpeg\" \/>\n\t<meta property=\"og:image:width\" content=\"1080\" \/>\n\t<meta property=\"og:image:height\" content=\"1080\" \/>\n\t<meta property=\"og:image:type\" content=\"image\/jpeg\" \/>\n<meta name=\"twitter:card\" content=\"summary_large_image\" \/>\n<meta name=\"twitter:label1\" content=\"Gesch\u00e4tzte Lesezeit\" \/>\n\t<meta name=\"twitter:data1\" content=\"2\u00a0Minuten\" \/>\n<script type=\"application\/ld+json\" class=\"yoast-schema-graph\">{\"@context\":\"https:\/\/schema.org\",\"@graph\":[{\"@type\":\"WebPage\",\"@id\":\"https:\/\/www.carpfisher.eu\/shop\/produkt\/crayfish-mehl-krebs-mehl-25-kg-eimer\/\",\"url\":\"https:\/\/www.carpfisher.eu\/shop\/produkt\/crayfish-mehl-krebs-mehl-25-kg-eimer\/\",\"name\":\"Krebsmehl | 2,5 kg - Carpfisher Shop\",\"isPartOf\":{\"@id\":\"https:\/\/www.carpfisher.eu\/shop\/#website\"},\"primaryImageOfPage\":{\"@id\":\"https:\/\/www.carpfisher.eu\/shop\/produkt\/crayfish-mehl-krebs-mehl-25-kg-eimer\/#primaryimage\"},\"image\":{\"@id\":\"https:\/\/www.carpfisher.eu\/shop\/produkt\/crayfish-mehl-krebs-mehl-25-kg-eimer\/#primaryimage\"},\"thumbnailUrl\":\"https:\/\/www.carpfisher.eu\/shop\/wp-content\/uploads\/2024\/09\/crayfish-mehl.jpeg\",\"datePublished\":\"2024-09-29T17:01:59+00:00\",\"dateModified\":\"2025-10-29T08:22:16+00:00\",\"breadcrumb\":{\"@id\":\"https:\/\/www.carpfisher.eu\/shop\/produkt\/crayfish-mehl-krebs-mehl-25-kg-eimer\/#breadcrumb\"},\"inLanguage\":\"de\",\"potentialAction\":[{\"@type\":\"ReadAction\",\"target\":[\"https:\/\/www.carpfisher.eu\/shop\/produkt\/crayfish-mehl-krebs-mehl-25-kg-eimer\/\"]}]},{\"@type\":\"ImageObject\",\"inLanguage\":\"de\",\"@id\":\"https:\/\/www.carpfisher.eu\/shop\/produkt\/crayfish-mehl-krebs-mehl-25-kg-eimer\/#primaryimage\",\"url\":\"https:\/\/www.carpfisher.eu\/shop\/wp-content\/uploads\/2024\/09\/crayfish-mehl.jpeg\",\"contentUrl\":\"https:\/\/www.carpfisher.eu\/shop\/wp-content\/uploads\/2024\/09\/crayfish-mehl.jpeg\",\"width\":1080,\"height\":1080},{\"@type\":\"BreadcrumbList\",\"@id\":\"https:\/\/www.carpfisher.eu\/shop\/produkt\/crayfish-mehl-krebs-mehl-25-kg-eimer\/#breadcrumb\",\"itemListElement\":[{\"@type\":\"ListItem\",\"position\":1,\"name\":\"Startseite\",\"item\":\"https:\/\/www.carpfisher.eu\/shop\/\"},{\"@type\":\"ListItem\",\"position\":2,\"name\":\"Shop\",\"item\":\"https:\/\/www.carpfisher.eu\/shop\/shop\/\"},{\"@type\":\"ListItem\",\"position\":3,\"name\":\"Krebsmehl | 2,5 kg\"}]},{\"@type\":\"WebSite\",\"@id\":\"https:\/\/www.carpfisher.eu\/shop\/#website\",\"url\":\"https:\/\/www.carpfisher.eu\/shop\/\",\"name\":\"Carpfisher Shop\",\"description\":\"Shop f\u00fcr Karpfenangler, Boilies, Futter, Liquid, PopUps\",\"publisher\":{\"@id\":\"https:\/\/www.carpfisher.eu\/shop\/#organization\"},\"potentialAction\":[{\"@type\":\"SearchAction\",\"target\":{\"@type\":\"EntryPoint\",\"urlTemplate\":\"https:\/\/www.carpfisher.eu\/shop\/?s={search_term_string}\"},\"query-input\":{\"@type\":\"PropertyValueSpecification\",\"valueRequired\":true,\"valueName\":\"search_term_string\"}}],\"inLanguage\":\"de\"},{\"@type\":\"Organization\",\"@id\":\"https:\/\/www.carpfisher.eu\/shop\/#organization\",\"name\":\"Carpfisher Shop\",\"url\":\"https:\/\/www.carpfisher.eu\/shop\/\",\"logo\":{\"@type\":\"ImageObject\",\"inLanguage\":\"de\",\"@id\":\"https:\/\/www.carpfisher.eu\/shop\/#\/schema\/logo\/image\/\",\"url\":\"https:\/\/www.carpfisher.eu\/shop\/wp-content\/uploads\/2023\/04\/cropped-My-project-1-3.png\",\"contentUrl\":\"https:\/\/www.carpfisher.eu\/shop\/wp-content\/uploads\/2023\/04\/cropped-My-project-1-3.png\",\"width\":2154,\"height\":500,\"caption\":\"Carpfisher Shop\"},\"image\":{\"@id\":\"https:\/\/www.carpfisher.eu\/shop\/#\/schema\/logo\/image\/\"},\"sameAs\":[\"https:\/\/www.facebook.com\/people\/Carpfishereu\/100066936180661\/\"]}]}<\/script>\n<!-- \/ Yoast SEO plugin. -->","yoast_head_json":{"title":"Krebsmehl | 2,5 kg - Carpfisher Shop","robots":{"index":"index","follow":"follow","max-snippet":"max-snippet:-1","max-image-preview":"max-image-preview:large","max-video-preview":"max-video-preview:-1"},"canonical":"https:\/\/www.carpfisher.eu\/shop\/produkt\/crayfish-mehl-krebs-mehl-25-kg-eimer\/","og_locale":"de_DE","og_type":"article","og_title":"Krebsmehl | 2,5 kg - Carpfisher Shop","og_description":"Produktbeschreibung: Crayfish oder auf Deutsch Krebsmehl f\u00fcrs Karpfenangeln Unser hochwertiges Krebs Mehl ist ein unschlagbares Naturprodukt f\u00fcr ambitionierte Karpfenangler. Gewonnen aus sorgf\u00e4ltig verarbeiteten S\u00fc\u00dfwasserkrebsen (Crayfish), bietet dieses Mehl eine nat\u00fcrliche Proteinquelle, die das Fressverhalten von Karpfen besonders stimuliert. Reich an Aminos\u00e4uren und wertvollen N\u00e4hrstoffen, verbessert Crayfish Mehl die Attraktivit\u00e4t und den N\u00e4hrwert von Boilies, Stickmixen [&hellip;]","og_url":"https:\/\/www.carpfisher.eu\/shop\/produkt\/crayfish-mehl-krebs-mehl-25-kg-eimer\/","og_site_name":"Carpfisher Shop","article_publisher":"https:\/\/www.facebook.com\/people\/Carpfishereu\/100066936180661\/","article_modified_time":"2025-10-29T08:22:16+00:00","og_image":[{"width":1080,"height":1080,"url":"https:\/\/www.carpfisher.eu\/shop\/wp-content\/uploads\/2024\/09\/crayfish-mehl.jpeg","type":"image\/jpeg"}],"twitter_card":"summary_large_image","twitter_misc":{"Gesch\u00e4tzte Lesezeit":"2\u00a0Minuten"},"schema":{"@context":"https:\/\/schema.org","@graph":[{"@type":"WebPage","@id":"https:\/\/www.carpfisher.eu\/shop\/produkt\/crayfish-mehl-krebs-mehl-25-kg-eimer\/","url":"https:\/\/www.carpfisher.eu\/shop\/produkt\/crayfish-mehl-krebs-mehl-25-kg-eimer\/","name":"Krebsmehl | 2,5 kg - Carpfisher Shop","isPartOf":{"@id":"https:\/\/www.carpfisher.eu\/shop\/#website"},"primaryImageOfPage":{"@id":"https:\/\/www.carpfisher.eu\/shop\/produkt\/crayfish-mehl-krebs-mehl-25-kg-eimer\/#primaryimage"},"image":{"@id":"https:\/\/www.carpfisher.eu\/shop\/produkt\/crayfish-mehl-krebs-mehl-25-kg-eimer\/#primaryimage"},"thumbnailUrl":"https:\/\/www.carpfisher.eu\/shop\/wp-content\/uploads\/2024\/09\/crayfish-mehl.jpeg","datePublished":"2024-09-29T17:01:59+00:00","dateModified":"2025-10-29T08:22:16+00:00","breadcrumb":{"@id":"https:\/\/www.carpfisher.eu\/shop\/produkt\/crayfish-mehl-krebs-mehl-25-kg-eimer\/#breadcrumb"},"inLanguage":"de","potentialAction":[{"@type":"ReadAction","target":["https:\/\/www.carpfisher.eu\/shop\/produkt\/crayfish-mehl-krebs-mehl-25-kg-eimer\/"]}]},{"@type":"ImageObject","inLanguage":"de","@id":"https:\/\/www.carpfisher.eu\/shop\/produkt\/crayfish-mehl-krebs-mehl-25-kg-eimer\/#primaryimage","url":"https:\/\/www.carpfisher.eu\/shop\/wp-content\/uploads\/2024\/09\/crayfish-mehl.jpeg","contentUrl":"https:\/\/www.carpfisher.eu\/shop\/wp-content\/uploads\/2024\/09\/crayfish-mehl.jpeg","width":1080,"height":1080},{"@type":"BreadcrumbList","@id":"https:\/\/www.carpfisher.eu\/shop\/produkt\/crayfish-mehl-krebs-mehl-25-kg-eimer\/#breadcrumb","itemListElement":[{"@type":"ListItem","position":1,"name":"Startseite","item":"https:\/\/www.carpfisher.eu\/shop\/"},{"@type":"ListItem","position":2,"name":"Shop","item":"https:\/\/www.carpfisher.eu\/shop\/shop\/"},{"@type":"ListItem","position":3,"name":"Krebsmehl | 2,5 kg"}]},{"@type":"WebSite","@id":"https:\/\/www.carpfisher.eu\/shop\/#website","url":"https:\/\/www.carpfisher.eu\/shop\/","name":"Carpfisher Shop","description":"Shop f\u00fcr Karpfenangler, Boilies, Futter, Liquid, PopUps","publisher":{"@id":"https:\/\/www.carpfisher.eu\/shop\/#organization"},"potentialAction":[{"@type":"SearchAction","target":{"@type":"EntryPoint","urlTemplate":"https:\/\/www.carpfisher.eu\/shop\/?s={search_term_string}"},"query-input":{"@type":"PropertyValueSpecification","valueRequired":true,"valueName":"search_term_string"}}],"inLanguage":"de"},{"@type":"Organization","@id":"https:\/\/www.carpfisher.eu\/shop\/#organization","name":"Carpfisher Shop","url":"https:\/\/www.carpfisher.eu\/shop\/","logo":{"@type":"ImageObject","inLanguage":"de","@id":"https:\/\/www.carpfisher.eu\/shop\/#\/schema\/logo\/image\/","url":"https:\/\/www.carpfisher.eu\/shop\/wp-content\/uploads\/2023\/04\/cropped-My-project-1-3.png","contentUrl":"https:\/\/www.carpfisher.eu\/shop\/wp-content\/uploads\/2023\/04\/cropped-My-project-1-3.png","width":2154,"height":500,"caption":"Carpfisher Shop"},"image":{"@id":"https:\/\/www.carpfisher.eu\/shop\/#\/schema\/logo\/image\/"},"sameAs":["https:\/\/www.facebook.com\/people\/Carpfishereu\/100066936180661\/"]}]}},"_links":{"self":[{"href":"https:\/\/www.carpfisher.eu\/shop\/wp-json\/wp\/v2\/product\/1204","targetHints":{"allow":["GET"]}}],"collection":[{"href":"https:\/\/www.carpfisher.eu\/shop\/wp-json\/wp\/v2\/product"}],"about":[{"href":"https:\/\/www.carpfisher.eu\/shop\/wp-json\/wp\/v2\/types\/product"}],"wp:featuredmedia":[{"embeddable":true,"href":"https:\/\/www.carpfisher.eu\/shop\/wp-json\/wp\/v2\/media\/1205"}],"wp:attachment":[{"href":"https:\/\/www.carpfisher.eu\/shop\/wp-json\/wp\/v2\/media?parent=1204"}],"wp:term":[{"taxonomy":"product_brand","embeddable":true,"href":"https:\/\/www.carpfisher.eu\/shop\/wp-json\/wp\/v2\/product_brand?post=1204"},{"taxonomy":"product_cat","embeddable":true,"href":"https:\/\/www.carpfisher.eu\/shop\/wp-json\/wp\/v2\/product_cat?post=1204"},{"taxonomy":"product_tag","embeddable":true,"href":"https:\/\/www.carpfisher.eu\/shop\/wp-json\/wp\/v2\/product_tag?post=1204"}],"curies":[{"name":"wp","href":"https:\/\/api.w.org\/{rel}","templated":true}]}}