{"id":411,"date":"2023-04-13T15:34:17","date_gmt":"2023-04-13T13:34:17","guid":{"rendered":"https:\/\/carpfisher.eu\/shop\/?post_type=product&#038;p=411"},"modified":"2025-01-18T17:10:57","modified_gmt":"2025-01-18T16:10:57","slug":"virtue-v-paragon-sunglasses-farbe-polished-black-emerald","status":"publish","type":"product","link":"https:\/\/www.carpfisher.eu\/shop\/produkt\/virtue-v-paragon-sunglasses-farbe-polished-black-emerald\/","title":{"rendered":"Virtue V-Paragon Sunglasses \u2013 Farbe: Polished Black Emerald"},"content":{"rendered":"<p>Die Virtue V-Paragon Sunglasses zeigen sich in gewohnter Virtue-Qualit\u00e4t, was Funktion und Style angeht.<\/p>\n<p>Die Sonnenbrille im modernen Stil sitzt extrem bequem und ist sehr leicht. Durch die etwas h\u00f6heren Linsen und die verbreiterten B\u00fcgel im Schl\u00e4fenbereich bietet sie noch besseren Schutz der Augen vor der Sonne.<\/p>\n<p>Die Linse selbst bietet 100% UV-Schutz und ist polarisiert. Damit wird Flimmern oder blendendes Licht von Wasser, Asphalt, Schnee etc. zu 99,9% einfach weggefiltert. Zus\u00e4tzlich verf\u00fcgt die V-Guard noch \u00fcber Color Neutral Chromatic Coating, was bedeutet, dass du trotz farbiger Linsen deine Umwelt farbecht, scharf und unverzerrt wahrnehmen kannst.<\/p>\n<p>Zus\u00e4tzlich zur Brille bekommst du hier auch noch eine Mikrofasertasche und ein gepolstertes Zipper Case mit Karabiner zur Aufbewahrung.<\/p>\n<p><img decoding=\"async\" class=\"fancybox-image\" src=\"https:\/\/cdn.shopify.com\/s\/files\/1\/2323\/8027\/products\/paragon_blackEmerald_lifestyle_1024x1024.jpg?v=1674075670\" alt=\"\" \/><\/p>\n<p>&nbsp;<\/p>\n","protected":false},"excerpt":{"rendered":"<p>Die Virtue V-Paragon Sunglasses zeigen sich in gewohnter Virtue-Qualit\u00e4t, was Funktion und Style angeht. Die Sonnenbrille im modernen Stil sitzt extrem bequem und ist sehr leicht. Durch die etwas h\u00f6heren Linsen und die verbreiterten B\u00fcgel im Schl\u00e4fenbereich bietet sie noch besseren Schutz der Augen vor der Sonne. Die Linse selbst bietet 100% UV-Schutz und ist [&hellip;]<\/p>\n","protected":false},"featured_media":542,"template":"","meta":{"sfsi_plus_gutenberg_text_before_share":"","sfsi_plus_gutenberg_show_text_before_share":"","sfsi_plus_gutenberg_icon_type":"","sfsi_plus_gutenberg_icon_alignemt":"","sfsi_plus_gutenburg_max_per_row":""},"product_brand":[],"product_cat":[27,33],"product_tag":[],"class_list":{"0":"post-411","1":"product","2":"type-product","3":"status-publish","4":"has-post-thumbnail","6":"product_cat-outdoor","7":"product_cat-sonnenbrille","9":"first","10":"instock","11":"taxable","12":"shipping-taxable","13":"purchasable","14":"product-type-simple"},"yoast_head":"<!-- This site is optimized with the Yoast SEO plugin v27.2 - https:\/\/yoast.com\/product\/yoast-seo-wordpress\/ -->\n<title>Virtue V-Paragon Sunglasses \u2013 Farbe: Polished Black Emerald - Carpfisher Shop<\/title>\n<meta name=\"robots\" content=\"index, follow, max-snippet:-1, max-image-preview:large, max-video-preview:-1\" \/>\n<link rel=\"canonical\" href=\"https:\/\/www.carpfisher.eu\/shop\/produkt\/virtue-v-paragon-sunglasses-farbe-polished-black-emerald\/\" \/>\n<meta property=\"og:locale\" content=\"de_DE\" \/>\n<meta property=\"og:type\" content=\"article\" \/>\n<meta property=\"og:title\" content=\"Virtue V-Paragon Sunglasses \u2013 Farbe: Polished Black Emerald - Carpfisher Shop\" \/>\n<meta property=\"og:description\" content=\"Die Virtue V-Paragon Sunglasses zeigen sich in gewohnter Virtue-Qualit\u00e4t, was Funktion und Style angeht. Die Sonnenbrille im modernen Stil sitzt extrem bequem und ist sehr leicht. Durch die etwas h\u00f6heren Linsen und die verbreiterten B\u00fcgel im Schl\u00e4fenbereich bietet sie noch besseren Schutz der Augen vor der Sonne. Die Linse selbst bietet 100% UV-Schutz und ist [&hellip;]\" \/>\n<meta property=\"og:url\" content=\"https:\/\/www.carpfisher.eu\/shop\/produkt\/virtue-v-paragon-sunglasses-farbe-polished-black-emerald\/\" \/>\n<meta property=\"og:site_name\" content=\"Carpfisher Shop\" \/>\n<meta property=\"article:publisher\" content=\"https:\/\/www.facebook.com\/people\/Carpfishereu\/100066936180661\/\" \/>\n<meta property=\"article:modified_time\" content=\"2025-01-18T16:10:57+00:00\" \/>\n<meta property=\"og:image\" content=\"https:\/\/www.carpfisher.eu\/shop\/wp-content\/uploads\/2023\/04\/Paragon-1.png\" \/>\n\t<meta property=\"og:image:width\" content=\"1180\" \/>\n\t<meta property=\"og:image:height\" content=\"1180\" \/>\n\t<meta property=\"og:image:type\" content=\"image\/png\" \/>\n<meta name=\"twitter:card\" content=\"summary_large_image\" \/>\n<meta name=\"twitter:label1\" content=\"Gesch\u00e4tzte Lesezeit\" \/>\n\t<meta name=\"twitter:data1\" content=\"2\u00a0Minuten\" \/>\n<script type=\"application\/ld+json\" class=\"yoast-schema-graph\">{\"@context\":\"https:\/\/schema.org\",\"@graph\":[{\"@type\":\"WebPage\",\"@id\":\"https:\/\/www.carpfisher.eu\/shop\/produkt\/virtue-v-paragon-sunglasses-farbe-polished-black-emerald\/\",\"url\":\"https:\/\/www.carpfisher.eu\/shop\/produkt\/virtue-v-paragon-sunglasses-farbe-polished-black-emerald\/\",\"name\":\"Virtue V-Paragon Sunglasses \u2013 Farbe: Polished Black Emerald - Carpfisher Shop\",\"isPartOf\":{\"@id\":\"https:\/\/www.carpfisher.eu\/shop\/#website\"},\"primaryImageOfPage\":{\"@id\":\"https:\/\/www.carpfisher.eu\/shop\/produkt\/virtue-v-paragon-sunglasses-farbe-polished-black-emerald\/#primaryimage\"},\"image\":{\"@id\":\"https:\/\/www.carpfisher.eu\/shop\/produkt\/virtue-v-paragon-sunglasses-farbe-polished-black-emerald\/#primaryimage\"},\"thumbnailUrl\":\"https:\/\/www.carpfisher.eu\/shop\/wp-content\/uploads\/2023\/04\/Paragon-1.png\",\"datePublished\":\"2023-04-13T13:34:17+00:00\",\"dateModified\":\"2025-01-18T16:10:57+00:00\",\"breadcrumb\":{\"@id\":\"https:\/\/www.carpfisher.eu\/shop\/produkt\/virtue-v-paragon-sunglasses-farbe-polished-black-emerald\/#breadcrumb\"},\"inLanguage\":\"de\",\"potentialAction\":[{\"@type\":\"ReadAction\",\"target\":[\"https:\/\/www.carpfisher.eu\/shop\/produkt\/virtue-v-paragon-sunglasses-farbe-polished-black-emerald\/\"]}]},{\"@type\":\"ImageObject\",\"inLanguage\":\"de\",\"@id\":\"https:\/\/www.carpfisher.eu\/shop\/produkt\/virtue-v-paragon-sunglasses-farbe-polished-black-emerald\/#primaryimage\",\"url\":\"https:\/\/www.carpfisher.eu\/shop\/wp-content\/uploads\/2023\/04\/Paragon-1.png\",\"contentUrl\":\"https:\/\/www.carpfisher.eu\/shop\/wp-content\/uploads\/2023\/04\/Paragon-1.png\",\"width\":1180,\"height\":1180},{\"@type\":\"BreadcrumbList\",\"@id\":\"https:\/\/www.carpfisher.eu\/shop\/produkt\/virtue-v-paragon-sunglasses-farbe-polished-black-emerald\/#breadcrumb\",\"itemListElement\":[{\"@type\":\"ListItem\",\"position\":1,\"name\":\"Startseite\",\"item\":\"https:\/\/www.carpfisher.eu\/shop\/\"},{\"@type\":\"ListItem\",\"position\":2,\"name\":\"Shop\",\"item\":\"https:\/\/www.carpfisher.eu\/shop\/shop\/\"},{\"@type\":\"ListItem\",\"position\":3,\"name\":\"Virtue V-Paragon Sunglasses \u2013 Farbe: Polished Black Emerald\"}]},{\"@type\":\"WebSite\",\"@id\":\"https:\/\/www.carpfisher.eu\/shop\/#website\",\"url\":\"https:\/\/www.carpfisher.eu\/shop\/\",\"name\":\"Carpfisher Shop\",\"description\":\"Shop f\u00fcr Karpfenangler, Boilies, Futter, Liquid, PopUps\",\"publisher\":{\"@id\":\"https:\/\/www.carpfisher.eu\/shop\/#organization\"},\"potentialAction\":[{\"@type\":\"SearchAction\",\"target\":{\"@type\":\"EntryPoint\",\"urlTemplate\":\"https:\/\/www.carpfisher.eu\/shop\/?s={search_term_string}\"},\"query-input\":{\"@type\":\"PropertyValueSpecification\",\"valueRequired\":true,\"valueName\":\"search_term_string\"}}],\"inLanguage\":\"de\"},{\"@type\":\"Organization\",\"@id\":\"https:\/\/www.carpfisher.eu\/shop\/#organization\",\"name\":\"Carpfisher Shop\",\"url\":\"https:\/\/www.carpfisher.eu\/shop\/\",\"logo\":{\"@type\":\"ImageObject\",\"inLanguage\":\"de\",\"@id\":\"https:\/\/www.carpfisher.eu\/shop\/#\/schema\/logo\/image\/\",\"url\":\"https:\/\/www.carpfisher.eu\/shop\/wp-content\/uploads\/2023\/04\/cropped-My-project-1-3.png\",\"contentUrl\":\"https:\/\/www.carpfisher.eu\/shop\/wp-content\/uploads\/2023\/04\/cropped-My-project-1-3.png\",\"width\":2154,\"height\":500,\"caption\":\"Carpfisher Shop\"},\"image\":{\"@id\":\"https:\/\/www.carpfisher.eu\/shop\/#\/schema\/logo\/image\/\"},\"sameAs\":[\"https:\/\/www.facebook.com\/people\/Carpfishereu\/100066936180661\/\"]}]}<\/script>\n<!-- \/ Yoast SEO plugin. -->","yoast_head_json":{"title":"Virtue V-Paragon Sunglasses \u2013 Farbe: Polished Black Emerald - Carpfisher Shop","robots":{"index":"index","follow":"follow","max-snippet":"max-snippet:-1","max-image-preview":"max-image-preview:large","max-video-preview":"max-video-preview:-1"},"canonical":"https:\/\/www.carpfisher.eu\/shop\/produkt\/virtue-v-paragon-sunglasses-farbe-polished-black-emerald\/","og_locale":"de_DE","og_type":"article","og_title":"Virtue V-Paragon Sunglasses \u2013 Farbe: Polished Black Emerald - Carpfisher Shop","og_description":"Die Virtue V-Paragon Sunglasses zeigen sich in gewohnter Virtue-Qualit\u00e4t, was Funktion und Style angeht. Die Sonnenbrille im modernen Stil sitzt extrem bequem und ist sehr leicht. Durch die etwas h\u00f6heren Linsen und die verbreiterten B\u00fcgel im Schl\u00e4fenbereich bietet sie noch besseren Schutz der Augen vor der Sonne. Die Linse selbst bietet 100% UV-Schutz und ist [&hellip;]","og_url":"https:\/\/www.carpfisher.eu\/shop\/produkt\/virtue-v-paragon-sunglasses-farbe-polished-black-emerald\/","og_site_name":"Carpfisher Shop","article_publisher":"https:\/\/www.facebook.com\/people\/Carpfishereu\/100066936180661\/","article_modified_time":"2025-01-18T16:10:57+00:00","og_image":[{"width":1180,"height":1180,"url":"https:\/\/www.carpfisher.eu\/shop\/wp-content\/uploads\/2023\/04\/Paragon-1.png","type":"image\/png"}],"twitter_card":"summary_large_image","twitter_misc":{"Gesch\u00e4tzte Lesezeit":"2\u00a0Minuten"},"schema":{"@context":"https:\/\/schema.org","@graph":[{"@type":"WebPage","@id":"https:\/\/www.carpfisher.eu\/shop\/produkt\/virtue-v-paragon-sunglasses-farbe-polished-black-emerald\/","url":"https:\/\/www.carpfisher.eu\/shop\/produkt\/virtue-v-paragon-sunglasses-farbe-polished-black-emerald\/","name":"Virtue V-Paragon Sunglasses \u2013 Farbe: Polished Black Emerald - Carpfisher Shop","isPartOf":{"@id":"https:\/\/www.carpfisher.eu\/shop\/#website"},"primaryImageOfPage":{"@id":"https:\/\/www.carpfisher.eu\/shop\/produkt\/virtue-v-paragon-sunglasses-farbe-polished-black-emerald\/#primaryimage"},"image":{"@id":"https:\/\/www.carpfisher.eu\/shop\/produkt\/virtue-v-paragon-sunglasses-farbe-polished-black-emerald\/#primaryimage"},"thumbnailUrl":"https:\/\/www.carpfisher.eu\/shop\/wp-content\/uploads\/2023\/04\/Paragon-1.png","datePublished":"2023-04-13T13:34:17+00:00","dateModified":"2025-01-18T16:10:57+00:00","breadcrumb":{"@id":"https:\/\/www.carpfisher.eu\/shop\/produkt\/virtue-v-paragon-sunglasses-farbe-polished-black-emerald\/#breadcrumb"},"inLanguage":"de","potentialAction":[{"@type":"ReadAction","target":["https:\/\/www.carpfisher.eu\/shop\/produkt\/virtue-v-paragon-sunglasses-farbe-polished-black-emerald\/"]}]},{"@type":"ImageObject","inLanguage":"de","@id":"https:\/\/www.carpfisher.eu\/shop\/produkt\/virtue-v-paragon-sunglasses-farbe-polished-black-emerald\/#primaryimage","url":"https:\/\/www.carpfisher.eu\/shop\/wp-content\/uploads\/2023\/04\/Paragon-1.png","contentUrl":"https:\/\/www.carpfisher.eu\/shop\/wp-content\/uploads\/2023\/04\/Paragon-1.png","width":1180,"height":1180},{"@type":"BreadcrumbList","@id":"https:\/\/www.carpfisher.eu\/shop\/produkt\/virtue-v-paragon-sunglasses-farbe-polished-black-emerald\/#breadcrumb","itemListElement":[{"@type":"ListItem","position":1,"name":"Startseite","item":"https:\/\/www.carpfisher.eu\/shop\/"},{"@type":"ListItem","position":2,"name":"Shop","item":"https:\/\/www.carpfisher.eu\/shop\/shop\/"},{"@type":"ListItem","position":3,"name":"Virtue V-Paragon Sunglasses \u2013 Farbe: Polished Black Emerald"}]},{"@type":"WebSite","@id":"https:\/\/www.carpfisher.eu\/shop\/#website","url":"https:\/\/www.carpfisher.eu\/shop\/","name":"Carpfisher Shop","description":"Shop f\u00fcr Karpfenangler, Boilies, Futter, Liquid, PopUps","publisher":{"@id":"https:\/\/www.carpfisher.eu\/shop\/#organization"},"potentialAction":[{"@type":"SearchAction","target":{"@type":"EntryPoint","urlTemplate":"https:\/\/www.carpfisher.eu\/shop\/?s={search_term_string}"},"query-input":{"@type":"PropertyValueSpecification","valueRequired":true,"valueName":"search_term_string"}}],"inLanguage":"de"},{"@type":"Organization","@id":"https:\/\/www.carpfisher.eu\/shop\/#organization","name":"Carpfisher Shop","url":"https:\/\/www.carpfisher.eu\/shop\/","logo":{"@type":"ImageObject","inLanguage":"de","@id":"https:\/\/www.carpfisher.eu\/shop\/#\/schema\/logo\/image\/","url":"https:\/\/www.carpfisher.eu\/shop\/wp-content\/uploads\/2023\/04\/cropped-My-project-1-3.png","contentUrl":"https:\/\/www.carpfisher.eu\/shop\/wp-content\/uploads\/2023\/04\/cropped-My-project-1-3.png","width":2154,"height":500,"caption":"Carpfisher Shop"},"image":{"@id":"https:\/\/www.carpfisher.eu\/shop\/#\/schema\/logo\/image\/"},"sameAs":["https:\/\/www.facebook.com\/people\/Carpfishereu\/100066936180661\/"]}]}},"_links":{"self":[{"href":"https:\/\/www.carpfisher.eu\/shop\/wp-json\/wp\/v2\/product\/411","targetHints":{"allow":["GET"]}}],"collection":[{"href":"https:\/\/www.carpfisher.eu\/shop\/wp-json\/wp\/v2\/product"}],"about":[{"href":"https:\/\/www.carpfisher.eu\/shop\/wp-json\/wp\/v2\/types\/product"}],"wp:featuredmedia":[{"embeddable":true,"href":"https:\/\/www.carpfisher.eu\/shop\/wp-json\/wp\/v2\/media\/542"}],"wp:attachment":[{"href":"https:\/\/www.carpfisher.eu\/shop\/wp-json\/wp\/v2\/media?parent=411"}],"wp:term":[{"taxonomy":"product_brand","embeddable":true,"href":"https:\/\/www.carpfisher.eu\/shop\/wp-json\/wp\/v2\/product_brand?post=411"},{"taxonomy":"product_cat","embeddable":true,"href":"https:\/\/www.carpfisher.eu\/shop\/wp-json\/wp\/v2\/product_cat?post=411"},{"taxonomy":"product_tag","embeddable":true,"href":"https:\/\/www.carpfisher.eu\/shop\/wp-json\/wp\/v2\/product_tag?post=411"}],"curies":[{"name":"wp","href":"https:\/\/api.w.org\/{rel}","templated":true}]}}